{"id":2,"date":"2012-04-09T18:44:15","date_gmt":"2012-04-09T16:44:15","guid":{"rendered":"http:\/\/www.aigsa.com.pl\/?page_id=2"},"modified":"2024-07-29T14:52:43","modified_gmt":"2024-07-29T12:52:43","slug":"przykladowa-strona","status":"publish","type":"page","link":"https:\/\/aigsa.com.pl\/","title":{"rendered":"Strona g\u0142\u00f3wna"},"content":{"rendered":"<p><span style=\"font-size: 10.0pt; font-family: 'Verdana',sans-serif;\"><strong>TARNOG\u00d3RSKI O\u015aRODEK SPORTU i REKREACJI Sp\u00f3\u0142ka z o.o.<\/strong><br \/>\n<\/span><\/p>\n<p>adres: ul. Obwodnica 8, 42-600 Tarnowskie G\u00f3ry<br \/>\ntelefon: 32\/393 39 00<br \/>\nfax: 32\/285 80 30<br \/>\ne-mail: sekretariat@parkwodny.com.pl<br \/>\nwww.parkwodny.com.pl<\/p>\n<p>NIP: 645-020-39-47<br \/>\nRegon: 003503983<br \/>\nKRS 0001033744<br \/>\nKapita\u0142 Zak\u0142adowy 51 738 250,00\u00a0 z\u0142<\/p>\n","protected":false},"excerpt":{"rendered":"<p>TARNOG\u00d3RSKI O\u015aRODEK SPORTU i REKREACJI Sp\u00f3\u0142ka z o.o. adres: ul. Obwodnica 8, 42-600 Tarnowskie G\u00f3ry telefon: 32\/393 39 00 fax: 32\/285 80 30 e-mail: sekretariat@parkwodny.com.pl www.parkwodny.com.pl NIP: 645-020-39-47 Regon: 003503983 KRS 0001033744 Kapita\u0142 Zak\u0142adowy 51 738 250,00\u00a0 z\u0142<\/p>\n","protected":false},"author":1,"featured_media":0,"parent":0,"menu_order":0,"comment_status":"open","ping_status":"closed","template":"","meta":[],"_links":{"self":[{"href":"https:\/\/aigsa.com.pl\/index.php?rest_route=\/wp\/v2\/pages\/2"}],"collection":[{"href":"https:\/\/aigsa.com.pl\/index.php?rest_route=\/wp\/v2\/pages"}],"about":[{"href":"https:\/\/aigsa.com.pl\/index.php?rest_route=\/wp\/v2\/types\/page"}],"author":[{"embeddable":true,"href":"https:\/\/aigsa.com.pl\/index.php?rest_route=\/wp\/v2\/users\/1"}],"replies":[{"embeddable":true,"href":"https:\/\/aigsa.com.pl\/index.php?rest_route=%2Fwp%2Fv2%2Fcomments&post=2"}],"version-history":[{"count":19,"href":"https:\/\/aigsa.com.pl\/index.php?rest_route=\/wp\/v2\/pages\/2\/revisions"}],"predecessor-version":[{"id":3259,"href":"https:\/\/aigsa.com.pl\/index.php?rest_route=\/wp\/v2\/pages\/2\/revisions\/3259"}],"wp:attachment":[{"href":"https:\/\/aigsa.com.pl\/index.php?rest_route=%2Fwp%2Fv2%2Fmedia&parent=2"}],"curies":[{"name":"wp","href":"https:\/\/api.w.org\/{rel}","templated":true}]}}